{"id":146,"date":"2022-10-04T17:31:09","date_gmt":"2022-10-04T15:31:09","guid":{"rendered":"https:\/\/audmblaise.wordpress.com\/?page_id=146"},"modified":"2022-12-14T16:43:37","modified_gmt":"2022-12-14T16:43:37","slug":"nos-actualites","status":"publish","type":"page","link":"https:\/\/audm.fr\/?page_id=146","title":{"rendered":"Nos Actualit\u00e9s"},"content":{"rendered":"\n<div class=\"inherit-container-width wp-container-5 wp-block-group\" style=\"padding-top:20px;padding-bottom:20px\">\n<div class=\"wp-container-4 wp-block-query has-ast-global-color-0-background-color has-background\"><ul class=\"wp-container-2 wp-block-post-template\"><li class=\"wp-block-post post-218 post type-post status-publish format-standard has-post-thumbnail hentry category-uncategorized\">\n\n<div class=\"inherit-container-width wp-container-1 wp-block-group has-ast-global-color-0-background-color has-background\"><h2 class=\"has-text-align-center wp-block-post-title\">La reprise des distributions alimentaires<\/h2>\n\n<figure style=\"width:500px;\" class=\"wp-block-post-featured-image\"><img style=\"height:250px;object-fit:cover\" width=\"1200\" height=\"900\" src=\"https:\/\/audm.fr\/wp-content\/uploads\/2022\/10\/20210129_180546-1200x900.jpg\" class=\"attachment-post-thumbnail size-post-thumbnail wp-post-image\" alt=\"La reprise des distributions alimentaires\" loading=\"lazy\" srcset=\"https:\/\/audm.fr\/wp-content\/uploads\/2022\/10\/20210129_180546-1200x900.jpg 1200w, https:\/\/audm.fr\/wp-content\/uploads\/2022\/10\/20210129_180546-scaled-600x450.jpg 600w, https:\/\/audm.fr\/wp-content\/uploads\/2022\/10\/20210129_180546-300x225.jpg 300w, https:\/\/audm.fr\/wp-content\/uploads\/2022\/10\/20210129_180546-1024x768.jpg 1024w, https:\/\/audm.fr\/wp-content\/uploads\/2022\/10\/20210129_180546-768x576.jpg 768w, https:\/\/audm.fr\/wp-content\/uploads\/2022\/10\/20210129_180546-1536x1152.jpg 1536w, https:\/\/audm.fr\/wp-content\/uploads\/2022\/10\/20210129_180546-2048x1536.jpg 2048w, https:\/\/audm.fr\/wp-content\/uploads\/2022\/10\/20210129_180546-1980x1485.jpg 1980w\" sizes=\"(max-width: 1200px) 100vw, 1200px\" \/><\/figure>\n\n<div class=\"has-text-align-center wp-block-post-excerpt\"><p class=\"wp-block-post-excerpt__excerpt\">Apr\u00e8s trois mois d&#8217;attentes, nous voici de retour avec un tout nouveau local pour vous accueillir et reprendre les distributions alimentaires bimensuelles. La premi\u00e8re aura lieu le samedi 15 octobre. Il faut \u00eatre inscrit pour pouvoir y prendre part. Si tu es int\u00e9ress\u00e9 pour nous aider dans l&#8217;organisation, que ce soit pour la collecte ou &hellip;<p class=\"read-more\"> <a class=\"\" href=\"https:\/\/audm.fr\/?p=218\"> <span class=\"screen-reader-text\">La reprise des distributions alimentaires<\/span> Read More &raquo;<\/a><\/p> <\/p><\/div><\/div>\n\n<\/li><\/ul>\n\n\n\n<\/div>\n<\/div>\n","protected":false},"excerpt":{"rendered":"","protected":false},"author":1,"featured_media":0,"parent":0,"menu_order":0,"comment_status":"closed","ping_status":"closed","template":"","meta":{"om_disable_all_campaigns":false,"_monsterinsights_skip_tracking":false,"_monsterinsights_sitenote_active":false,"_monsterinsights_sitenote_note":"","_monsterinsights_sitenote_category":0,"site-sidebar-layout":"default","site-content-layout":"default","ast-global-header-display":"","ast-main-header-display":"","ast-hfb-above-header-display":"","ast-hfb-below-header-display":"","ast-hfb-mobile-header-display":"","site-post-title":"","ast-breadcrumbs-content":"","ast-featured-img":"","footer-sml-layout":"","theme-transparent-header-meta":"","adv-header-id-meta":"","stick-header-meta":"","header-above-stick-meta":"","header-main-stick-meta":"","header-below-stick-meta":""},"aioseo_notices":[],"_links":{"self":[{"href":"https:\/\/audm.fr\/index.php?rest_route=\/wp\/v2\/pages\/146"}],"collection":[{"href":"https:\/\/audm.fr\/index.php?rest_route=\/wp\/v2\/pages"}],"about":[{"href":"https:\/\/audm.fr\/index.php?rest_route=\/wp\/v2\/types\/page"}],"author":[{"embeddable":true,"href":"https:\/\/audm.fr\/index.php?rest_route=\/wp\/v2\/users\/1"}],"replies":[{"embeddable":true,"href":"https:\/\/audm.fr\/index.php?rest_route=%2Fwp%2Fv2%2Fcomments&post=146"}],"version-history":[{"count":14,"href":"https:\/\/audm.fr\/index.php?rest_route=\/wp\/v2\/pages\/146\/revisions"}],"predecessor-version":[{"id":1390,"href":"https:\/\/audm.fr\/index.php?rest_route=\/wp\/v2\/pages\/146\/revisions\/1390"}],"wp:attachment":[{"href":"https:\/\/audm.fr\/index.php?rest_route=%2Fwp%2Fv2%2Fmedia&parent=146"}],"curies":[{"name":"wp","href":"https:\/\/api.w.org\/{rel}","templated":true}]}}