{"id":193,"date":"2022-10-04T14:54:37","date_gmt":"2022-10-04T12:54:37","guid":{"rendered":"https:\/\/audmblaise.wordpress.com\/?page_id=193"},"modified":"2022-12-14T16:45:59","modified_gmt":"2022-12-14T16:45:59","slug":"nous-aider","status":"publish","type":"page","link":"https:\/\/audm.fr\/?page_id=193","title":{"rendered":"Nous aider"},"content":{"rendered":"\n<p>L&#8217;AUDM a toujours besoin de votre soutien pour continuer et diversifier son activit\u00e9. Si vous souhaiter il y a plusieurs fa\u00e7ons de le faire<\/p>\n\n\n\n<div class=\"inherit-container-width wp-container-2 wp-block-group has-border-color has-ast-global-color-2-border-color has-ast-global-color-0-background-color has-background\" style=\"border-width:10px;padding-top:20px;padding-bottom:20px\">\n<h2>Faire un don<\/h2>\n\n\n\n<p>Pour r\u00e9aliser nos actions nous avons r\u00e9guli\u00e8rement besoin de financement et de denr\u00e9es pour nos distributions. Nos financement d\u00e9pendent en grande partie de subventions et le contenu de nos distributions de collectes que nous organisons en weekend mais nous acceptons et avons aussi besoin de dons de particuliers pour fonctionner.<\/p>\n\n\n\n<div class=\"wp-container-1 is-content-justification-center is-nowrap wp-block-group\">\n<div class=\"blockart-buttons blockart-buttons-45243a86 is-horizontal is-wrap\">\n<div class=\"blockart-button blockart-button-556892c6 \"><a class=\"blockart-button-link is-large is-style-filled\">Don financier<\/a><\/div>\n<\/div>\n\n\n\n<div class=\"blockart-buttons blockart-buttons-911cf17d is-horizontal is-wrap\">\n<div class=\"blockart-button blockart-button-168c1d14 \"><a class=\"blockart-button-link is-large is-style-filled\" href=\"https:\/\/audm.fr\/?page_id=1302\">Don alimentaire<\/a><\/div>\n<\/div>\n<\/div>\n<\/div>\n\n\n\n<div class=\"inherit-container-width wp-container-3 wp-block-group has-border-color has-ast-global-color-2-border-color has-ast-global-color-1-background-color has-background\" style=\"border-width:10px;padding-top:20px;padding-bottom:20px\">\n<h2>Devenir b\u00e9n\u00e9vole<\/h2>\n\n\n\n<p>Nos projets et leur qualit\u00e9 d\u00e9pendent de nos moyens humains. Nous avons besoin de mains pour distribuer et collecter les paniers alimentaires, r\u00e9aliser de l&#8217;accompagnement \u00e0 la scolarit\u00e9 et organiser nos divers ateliers. Si tu es int\u00e9ress\u00e9.e contacte-nous par mail ou t\u00e9l\u00e9phone tu trouveras toutes nos coordonn\u00e9es ci-dessous.<\/p>\n\n\n\n<div class=\"blockart-buttons blockart-buttons-92587366 is-justification-center is-horizontal is-wrap\">\n<div class=\"blockart-button blockart-button-d5d0c26e \"><a class=\"blockart-button-link is-large is-style-filled\" href=\"https:\/\/audm.fr\/?page_id=1312\">Nous contacter<\/a><\/div>\n<\/div>\n<\/div>\n\n\n\n<div class=\"inherit-container-width wp-container-4 wp-block-group has-border-color has-ast-global-color-2-border-color has-ast-global-color-0-background-color has-background\" style=\"border-width:10px;padding-top:20px;padding-bottom:20px\">\n<h2>Proposer un partenariat<\/h2>\n\n\n\n<p>Nous sommes toujours \u00e0 la recherche de structures associatives, publiques et priv\u00e9es int\u00e9ress\u00e9es par des partenariats pour de nouveaux projets ou pour nous aider dans nos projets et inversement. Si tu es int\u00e9ress\u00e9.e pour nous donner un coup de main contacte nous par mail ou t\u00e9l\u00e9phone, tu trouveras toutes nos coordonn\u00e9es ci-dessous.<\/p>\n\n\n\n<div class=\"blockart-buttons blockart-buttons-e95e16d1 is-justification-center is-horizontal is-wrap\">\n<div class=\"blockart-button blockart-button-cbe71f13 \"><a class=\"blockart-button-link is-large is-style-filled\" href=\"https:\/\/audm.fr\/?page_id=1312\">Nous contacter<\/a><\/div>\n<\/div>\n<\/div>\n","protected":false},"excerpt":{"rendered":"<p>L&#8217;AUDM a toujours besoin de votre soutien pour continuer et diversifier son activit\u00e9. Si vous souhaiter il y a plusieurs fa\u00e7ons de le faire Faire un don Pour r\u00e9aliser nos actions nous avons r\u00e9guli\u00e8rement besoin de financement et de denr\u00e9es pour nos distributions. Nos financement d\u00e9pendent en grande partie de subventions et le contenu de &hellip;<\/p>\n<p class=\"read-more\"> <a class=\"\" href=\"https:\/\/audm.fr\/?page_id=193\"> <span class=\"screen-reader-text\">Nous aider<\/span> Read More &raquo;<\/a><\/p>\n","protected":false},"author":1,"featured_media":0,"parent":0,"menu_order":0,"comment_status":"closed","ping_status":"closed","template":"","meta":{"om_disable_all_campaigns":false,"_monsterinsights_skip_tracking":false,"_monsterinsights_sitenote_active":false,"_monsterinsights_sitenote_note":"","_monsterinsights_sitenote_category":0,"site-sidebar-layout":"default","site-content-layout":"default","ast-global-header-display":"","ast-main-header-display":"","ast-hfb-above-header-display":"","ast-hfb-below-header-display":"","ast-hfb-mobile-header-display":"","site-post-title":"","ast-breadcrumbs-content":"","ast-featured-img":"","footer-sml-layout":"","theme-transparent-header-meta":"","adv-header-id-meta":"","stick-header-meta":"","header-above-stick-meta":"","header-main-stick-meta":"","header-below-stick-meta":""},"aioseo_notices":[],"_links":{"self":[{"href":"https:\/\/audm.fr\/index.php?rest_route=\/wp\/v2\/pages\/193"}],"collection":[{"href":"https:\/\/audm.fr\/index.php?rest_route=\/wp\/v2\/pages"}],"about":[{"href":"https:\/\/audm.fr\/index.php?rest_route=\/wp\/v2\/types\/page"}],"author":[{"embeddable":true,"href":"https:\/\/audm.fr\/index.php?rest_route=\/wp\/v2\/users\/1"}],"replies":[{"embeddable":true,"href":"https:\/\/audm.fr\/index.php?rest_route=%2Fwp%2Fv2%2Fcomments&post=193"}],"version-history":[{"count":8,"href":"https:\/\/audm.fr\/index.php?rest_route=\/wp\/v2\/pages\/193\/revisions"}],"predecessor-version":[{"id":1376,"href":"https:\/\/audm.fr\/index.php?rest_route=\/wp\/v2\/pages\/193\/revisions\/1376"}],"wp:attachment":[{"href":"https:\/\/audm.fr\/index.php?rest_route=%2Fwp%2Fv2%2Fmedia&parent=193"}],"curies":[{"name":"wp","href":"https:\/\/api.w.org\/{rel}","templated":true}]}}