{"id":246,"date":"2022-12-14T16:17:03","date_gmt":"2022-12-14T16:17:03","guid":{"rendered":"https:\/\/audmblaise.wordpress.com\/?page_id=246"},"modified":"2022-12-14T16:32:50","modified_gmt":"2022-12-14T16:32:50","slug":"ateliers-pedagogiques","status":"publish","type":"page","link":"https:\/\/audm.fr\/?page_id=246","title":{"rendered":"Ateliers p\u00e9dagogiques"},"content":{"rendered":"\n<p>Parce que l&#8217;\u00e9ducation et l&#8217;ouverture au monde sont des outils essentiels pour la future inclusion sociale et professionnelle des jeunes. A l&#8217;AUDM nous avons donc d\u00e9cid\u00e9 de mettre en place divers ateliers pour les primaires, coll\u00e9giens et lyc\u00e9ens afin de leur permettre de d\u00e9couvrir de nouvelles choses dans un cadre convivial.<\/p>\n\n\n\n<div class=\"wp-container-3 wp-block-columns has-border-color has-ast-global-color-2-border-color has-ast-global-color-0-background-color has-background\" style=\"border-width:10px;padding-top:20px;padding-bottom:20px\">\n<div class=\"wp-container-1 wp-block-column\" style=\"flex-basis:60%\">\n<h2 class=\"blockart-heading blockart-heading-41654343\">Ateliers du mercredi<\/h2>\n\n\n\n<p>Ces ateliers ont lieu pendant deux heures les mercredis apr\u00e8s midis une semaine sur deux et s&#8217;adressent aux jeunes de primaires. C&#8217;est l&#8217;occasion de visiter, cr\u00e9er et s&#8217;amuser. Si vous souhaitez plus d&#8217;informations sur les futures activit\u00e9s vous pouvez nous contacter aux coordonn\u00e9es que vous trouverez en cliquant sur le bouton ci-dessous<\/p>\n\n\n\n<div class=\"blockart-buttons blockart-buttons-e3cecb86 is-horizontal is-wrap\">\n<div class=\"blockart-button blockart-button-b99b939c \"><a class=\"blockart-button-link is-large is-style-filled\" href=\"https:\/\/audm.fr\/?page_id=1312\">Nous contacter<\/a><\/div>\n<\/div>\n<\/div>\n\n\n\n<div class=\"wp-container-2 wp-block-column is-vertically-aligned-center\">\n<figure class=\"wp-block-image aligncenter size-large is-resized\"><img loading=\"lazy\" src=\"https:\/\/audm.fr\/wp-content\/uploads\/2022\/12\/WhatsApp-Image-2022-12-07-at-16.48.15-edited.jpeg\" alt=\"\" class=\"wp-image-1352\" width=\"348\" height=\"348\" srcset=\"https:\/\/audm.fr\/wp-content\/uploads\/2022\/12\/WhatsApp-Image-2022-12-07-at-16.48.15-edited.jpeg 1200w, https:\/\/audm.fr\/wp-content\/uploads\/2022\/12\/WhatsApp-Image-2022-12-07-at-16.48.15-edited-300x300.jpeg 300w, https:\/\/audm.fr\/wp-content\/uploads\/2022\/12\/WhatsApp-Image-2022-12-07-at-16.48.15-edited-1024x1024.jpeg 1024w, https:\/\/audm.fr\/wp-content\/uploads\/2022\/12\/WhatsApp-Image-2022-12-07-at-16.48.15-edited-150x150.jpeg 150w, https:\/\/audm.fr\/wp-content\/uploads\/2022\/12\/WhatsApp-Image-2022-12-07-at-16.48.15-edited-768x768.jpeg 768w, https:\/\/audm.fr\/wp-content\/uploads\/2022\/12\/WhatsApp-Image-2022-12-07-at-16.48.15-edited-600x600.jpeg 600w, https:\/\/audm.fr\/wp-content\/uploads\/2022\/12\/WhatsApp-Image-2022-12-07-at-16.48.15-edited-100x100.jpeg 100w\" sizes=\"(max-width: 348px) 100vw, 348px\" \/><\/figure>\n<\/div>\n<\/div>\n\n\n\n<div class=\"wp-container-6 wp-block-columns has-border-color has-ast-global-color-2-border-color has-ast-global-color-1-background-color has-background\" style=\"border-width:10px;padding-top:20px;padding-bottom:20px\">\n<div class=\"wp-container-4 wp-block-column is-vertically-aligned-center\">\n<figure class=\"wp-block-image aligncenter size-large is-resized\"><img loading=\"lazy\" src=\"https:\/\/audm.fr\/wp-content\/uploads\/2022\/12\/WhatsApp-Image-2022-11-10-at-10.33.55-edited.jpeg\" alt=\"\" class=\"wp-image-1354\" width=\"330\" height=\"330\" srcset=\"https:\/\/audm.fr\/wp-content\/uploads\/2022\/12\/WhatsApp-Image-2022-11-10-at-10.33.55-edited.jpeg 1536w, https:\/\/audm.fr\/wp-content\/uploads\/2022\/12\/WhatsApp-Image-2022-11-10-at-10.33.55-edited-300x300.jpeg 300w, https:\/\/audm.fr\/wp-content\/uploads\/2022\/12\/WhatsApp-Image-2022-11-10-at-10.33.55-edited-1024x1024.jpeg 1024w, https:\/\/audm.fr\/wp-content\/uploads\/2022\/12\/WhatsApp-Image-2022-11-10-at-10.33.55-edited-150x150.jpeg 150w, https:\/\/audm.fr\/wp-content\/uploads\/2022\/12\/WhatsApp-Image-2022-11-10-at-10.33.55-edited-768x768.jpeg 768w, https:\/\/audm.fr\/wp-content\/uploads\/2022\/12\/WhatsApp-Image-2022-11-10-at-10.33.55-edited-600x600.jpeg 600w, https:\/\/audm.fr\/wp-content\/uploads\/2022\/12\/WhatsApp-Image-2022-11-10-at-10.33.55-edited-100x100.jpeg 100w\" sizes=\"(max-width: 330px) 100vw, 330px\" \/><\/figure>\n<\/div>\n\n\n\n<div class=\"wp-container-5 wp-block-column is-vertically-aligned-top\" style=\"flex-basis:60%\">\n<h2 class=\"blockart-heading blockart-heading-14d9a105\">Sorties Vacances<\/h2>\n\n\n\n<p>Pendant les vacances nous organisons des sorties et activit\u00e9s pour tous les jeunes, de la sortie cin\u00e9 aux apr\u00e8s midi jeux il y a de tout. Si vous souhaitez inscrire votre enfant, il suffit de nous contacter aux coordonn\u00e9es ci-dessous.<\/p>\n\n\n\n<div class=\"blockart-buttons blockart-buttons-fa1650bc is-horizontal is-wrap\">\n<div class=\"blockart-button blockart-button-dd52ae70 \"><a class=\"blockart-button-link is-large is-style-filled\" href=\"https:\/\/audm.fr\/?page_id=1312\">Nous contacter<\/a><\/div>\n<\/div>\n<\/div>\n<\/div>\n","protected":false},"excerpt":{"rendered":"<p>Parce que l&#8217;\u00e9ducation et l&#8217;ouverture au monde sont des outils essentiels pour la future inclusion sociale et professionnelle des jeunes. A l&#8217;AUDM nous avons donc d\u00e9cid\u00e9 de mettre en place divers ateliers pour les primaires, coll\u00e9giens et lyc\u00e9ens afin de leur permettre de d\u00e9couvrir de nouvelles choses dans un cadre convivial. Ces ateliers ont lieu &hellip;<\/p>\n<p class=\"read-more\"> <a class=\"\" href=\"https:\/\/audm.fr\/?page_id=246\"> <span class=\"screen-reader-text\">Ateliers p\u00e9dagogiques<\/span> Read More &raquo;<\/a><\/p>\n","protected":false},"author":1,"featured_media":0,"parent":0,"menu_order":0,"comment_status":"closed","ping_status":"closed","template":"","meta":{"om_disable_all_campaigns":false,"_monsterinsights_skip_tracking":false,"_monsterinsights_sitenote_active":false,"_monsterinsights_sitenote_note":"","_monsterinsights_sitenote_category":0,"site-sidebar-layout":"default","site-content-layout":"default","ast-global-header-display":"","ast-main-header-display":"","ast-hfb-above-header-display":"","ast-hfb-below-header-display":"","ast-hfb-mobile-header-display":"","site-post-title":"","ast-breadcrumbs-content":"","ast-featured-img":"","footer-sml-layout":"","theme-transparent-header-meta":"","adv-header-id-meta":"","stick-header-meta":"","header-above-stick-meta":"","header-main-stick-meta":"","header-below-stick-meta":""},"aioseo_notices":[],"_links":{"self":[{"href":"https:\/\/audm.fr\/index.php?rest_route=\/wp\/v2\/pages\/246"}],"collection":[{"href":"https:\/\/audm.fr\/index.php?rest_route=\/wp\/v2\/pages"}],"about":[{"href":"https:\/\/audm.fr\/index.php?rest_route=\/wp\/v2\/types\/page"}],"author":[{"embeddable":true,"href":"https:\/\/audm.fr\/index.php?rest_route=\/wp\/v2\/users\/1"}],"replies":[{"embeddable":true,"href":"https:\/\/audm.fr\/index.php?rest_route=%2Fwp%2Fv2%2Fcomments&post=246"}],"version-history":[{"count":3,"href":"https:\/\/audm.fr\/index.php?rest_route=\/wp\/v2\/pages\/246\/revisions"}],"predecessor-version":[{"id":1367,"href":"https:\/\/audm.fr\/index.php?rest_route=\/wp\/v2\/pages\/246\/revisions\/1367"}],"wp:attachment":[{"href":"https:\/\/audm.fr\/index.php?rest_route=%2Fwp%2Fv2%2Fmedia&parent=246"}],"curies":[{"name":"wp","href":"https:\/\/api.w.org\/{rel}","templated":true}]}}